mmon factor of 160 and 676960?
160
What is the greatest common divisor of 84128 and 5808?
176
What is the greatest common divisor of 14470357 and 11?
11
Calculate the highest common factor of 10 and 1840260.
10
What is the highest common factor of 242 and 10076?
22
Calculate the greatest common divisor of 1250 and 21025.
25
Calculate the highest common divisor of 1274034 and 1722.
246
What is the highest common divisor of 720 and 565560?
360
What is the highest common factor of 2815 and 47292?
563
Calculate the greatest common factor of 51888 and 848.
16
What is the highest common divisor of 22 and 198?
22
Calculate the greatest common factor of 17688 and 10824.
264
Calculate the highest common divisor of 561 and 4898091.
561
Calculate the highest common divisor of 2912180 and 580.
580
Calculate the highest common factor of 128 and 39536.
16
Calculate the greatest common divisor of 14 and 6809278.
14
Calculate the greatest common divisor of 47375 and 625.
125
Calculate the highest common factor of 24 and 27324.
12
What is the greatest common divisor of 7910 and 250295?
565
Calculate the greatest common divisor of 11317 and 13.
1
Calculate the highest common factor of 59340 and 4692.
276
What is the greatest common factor of 107597 and 133?
133
Calculate the highest common factor of 16 and 369064.
8
What is the highest common factor of 3519 and 421659?
207
What is the greatest common divisor of 19314 and 370?
74
What is the greatest common divisor of 129 and 13662777?
129
Calculate the greatest common factor of 73548 and 4.
4
What is the greatest common divisor of 50015 and 140?
35
What is the greatest common divisor of 3817 and 116939?
347
Calculate the highest common divisor of 97342 and 238.
238
Calculate the greatest common divisor of 43737 and 1281.
183
Calculate the greatest common divisor of 715 and 32747.
143
Calculate the highest common divisor of 26 and 2431754.
26
Calculate the highest common factor of 98 and 11774.
14
Calculate the greatest common factor of 143044 and 264.
44
Calculate the highest common divisor of 924 and 97636.
308
What is the greatest common factor of 56947 and 62?
31
Calculate the highest common factor of 14806 and 638.
22
Calculate the highest common factor of 7665 and 2100.
105
Calculate the greatest common factor of 46 and 204493.
23
Calculate the greatest common divisor of 11122 and 64.
2
What is the highest common factor of 1340738 and 1078?
98
Calculate the highest common factor of 4774 and 11408.
62
What is the greatest common divisor of 312194 and 278?
278
What is the highest common divisor of 40690 and 208?
26
Calculate the greatest common factor of 1621 and 4.
1
Calculate the highest common factor of 2550 and 19875.
75
Calculate the greatest common factor of 456 and 316749.
57
Calculate the highest common factor of 15840 and 2556.
36
What is the greatest common divisor of 18 and 11022?
6
What is the greatest common divisor of 29531968 and 64?
64
Calculate the highest common divisor of 206604 and 27.
27
What is the greatest common factor of 307 and 4410669?
307
What is the highest common factor of 979637 and 307?
307
Calculate the greatest common factor of 14 and 334328.
2
Calculate the greatest common divisor of 563232 and 192.
96
Calculate the greatest common divisor of 24 and 309.
3
Calculate the highest common divisor of 39 and 1140.
3
What is the greatest common factor of 968356 and 872?
436
Calculate the greatest common factor of 69485 and 65.
65
Calculate the highest common factor of 6 and 391854.
6
Calculate the highest common factor of 22112 and 114706.
1382
Calculate the greatest common factor of 6890 and 1802.
106
Calculate the greatest common divisor of 82616 and 1288.
184
What is the greatest common factor of 32021 and 6314?
451
What is the greatest common divisor of 326513 and 11?
11
Calculate the greatest common divisor of 12357312 and 33.
33
Calculate the greatest common divisor of 21924 and 19278.
378
Calculate the highest common divisor of 110712 and 2688.
168
Calculate the highest common divisor of 32247 and 2763.
9
What is the highest common divisor of 1207 and 12425?
71
What is the greatest common divisor of 990 and 138270?
330
Calculate the greatest common factor of 130400 and 7335.
815
Calculate the greatest common divisor of 12 and 5475.
3
Calculate the greatest common factor of 7493 and 4826.
127
Calculate the greatest common divisor of 26128 and 460.
92
What is the highest common divisor of 45315 and 570?
285
Calculate the greatest common divisor of 421 and 13472.
421
Calculate the greatest common divisor of 51626 and 267460.
622
What is the greatest common factor of 132834 and 156?
78
Calculate the greatest common divisor of 383 and 2566483.
383
What is the greatest common factor of 24 and 107244?
12
What is the highest common divisor of 25950 and 57609?
519
What is the highest common divisor of 12514750 and 50?
50
Calculate the greatest common divisor of 374511 and 279.
93
What is the highest common divisor of 327 and 367439?
109
What is the highest common factor of 546 and 1365?
273
Calculate the highest common factor of 26 and 515463.
13
What is the highest common divisor of 940 and 71910?
470
What is the greatest common divisor of 17300 and 190?
10
What is the greatest common factor of 40 and 9496?
8
What is the highest common factor of 19692 and 126?
18
Calculate the greatest common divisor of 15456 and 2772.
84
What is the greatest common divisor of 63696 and 48?
48
Calculate the highest common factor of 108 and 306486.
18
Calculate the highest common factor of 16882 and 46.
46
What is the greatest common divisor of 38753 and 18733?
143
What is the highest common divisor of 675 and 54200?
25
Calculate the greatest common factor of 4064 and 39370.
254
Calculate the highest common factor of 1050003 and 3915.
783
Calculate the greatest common divisor of 376454 and 26.
26
Calculate the highest common divisor of 191354 and 1205.
241
Calculate the greatest common divisor of 17450 and 100.
50
What is the greatest common factor of 1615 and 912?
19
What is the highest common factor of 38855 and 2945?
95
What is the greatest common factor of 35 and 23955?
5
Calculate the greatest common divisor of 558 and 3330.
18
Calculate the highest common factor of 140 and 274.
2
Calculate the highest common factor of 45 and 1414545.
15
What is the highest common factor of 61 and 142130?
61
Calculate the greatest common divisor of 63 and 255123.
9
What is the greatest common factor of 31453 and 112079?
443
Calculate the highest common factor of 175059 and 9.
9
Calculate the highest common divisor of 736099 and 26.
13
Calculate the greatest common divisor of 24 and 92080.
8
What is the greatest common factor of 234141 and 425?
17
What is the highest common factor of 48 and 117828?
12
Calculate the greatest common divisor of 2691 and 37375.
299
What is the highest common factor of 110779 and 47?
47
What is the greatest common divisor of 320 and 4870?
10
Calculate the greatest common factor of 12521 and 1672.
19
Calculate the greatest common factor of 598 and 739856.
26
Calculate the highest common factor of 10195 and 470.
5
Calculate the greatest common factor of 403 and 10757.
31
Calculate the highest common divisor of 11485906 and 1094.
1094
What is the highest common factor of 169380 and 180?
180
What is the greatest common factor of 372 and 31992?
372
What is the highest common factor of 3363 and 342?
57
What is the greatest common factor of 24 and 6723?
3
What is the greatest common factor of 36598 and 290?
58
Calculate the highest common divisor of 5076 and 15336.
108
What is the highest common factor of 92327 and 102?
17
Calculate the highest common divisor of 19502 and 70.
14
What is the greatest common divisor of 1526 and 154?
14
What is the highest common divisor of 4752 and 73392?
528
Calculate the greatest common factor of 92 and 2553.
23
Calculate the highest common divisor of 80631 and 234.
9
Calculate the greatest common factor of 10306675 and 425.
425
Calculate the highest common divisor of 3532 and 22.
2
What is the highest common factor of 42 and 31185?
21
What is the greatest common factor of 676 and 48256?
52
Calculate the greatest common factor of 972 and 33228.
36
Calc